0*r**2 - 9*r + 23. Is x(-8) a composite number?
False
Suppose 5*h - 14030 = 6980. Suppose h = 4*c - 1362. Is c a composite number?
True
Suppose 74324 = 4*c - 9072. Is c a composite number?
False
Suppose -5*q - 5*i + 0*i = -65, -5*q - i + 61 = 0. Let l be (-4)/6 + 92/q. Is 1758/l - 1/7 prime?
True
Is (4*2/24)/((-2)/(-2922)) composite?
False
Suppose -t + 516 = 3*t. Let b = -2321 + 3918. Suppose -3*z = 2*l - b, 4*l + 422 = z - t. Is z a composite number?
True
Suppose -3*d = -d - 5*n - 518, 4*d = -3*n + 1062. Suppose -4*y + 644 - d = 0. Is y composite?
True
Let q = -152 - -269. Suppose s + q = 4*s. Suppose 0 = -2*m + 3*n + 530, -5*m + s + 1286 = 4*n. Is m composite?
True
Let l be 2/((64/(-12))/(-8)). Let j(s) = 2012*s - 23. Is j(l) a prime number?
False
Let b be (-210)/(-63) + 1/(-3). Is 1*b/(-2)*22924/(-33) composite?
True
Let d(r) = 24*r**2 + 4*r + 1. Let x be d(3). Suppose 2*p = -x + 899. Suppose -99 = 2*z - p. Is z a prime number?
False
Let p = 17489 + 16029. Is p a composite number?
True
Let f = 45 - 44. Is 320/6 + 3/(f - 10) a composite number?
False
Suppose u = 3*y - 2*y - 1, -y = -4*u + 5. Let x be u + (-4 - (-2 - 4)). Suppose 2*r - x*r + 2*f + 416 = 0, -9 = -3*f. Is r composite?
False
Let m be (-5 + 2)*(2 + -4). Suppose -116 = -6*k + 2*k. Let t = m + k. Is t prime?
False
Suppose -19*l - 1252 = -14571. Is l composite?
False
Let i(r) = r + 11. Let u be i(-8). Let p(s) = -2*s + 4 - 3 + s**3 - s**2 - 51*s**u - 4. Is p(-2) a composite number?
False
Is (-7 - 72/(-9))*17086/2 a prime number?
True
Is 3/(18/25518) + 6 prime?
True
Let r be (-3)/12*0 + 3. Let h(m) = m**3 - 3*m**2 + 4. Let x be h(r). Is (738/(-15))/(x/(-10)) composite?
True
Suppose -3*m = 9 - 0. Let l be -1 - m - 2/1. Suppose -3*y - 2*q + q + 1444 = 0, -2*y + 5*q + 957 = l. Is y prime?
False
Suppose 0 = 5*f - 10*f + 20. Suppose 0 = -4*j - 12, 2*c - f*j - 220 = 4. Is c a composite number?
True
Suppose 0 = -2*n + 7 + 9. Let v(o) = -o**3 + 7*o**2 + 8*o + 3. Let z be v(n). Suppose -3*i + h = -169, 0 = -4*i + h + z*h + 236. Is i composite?
True
Let p = -21 - -25. Is p/6 - (4 - (-38857)/(-21)) a composite number?
False
Let x = 269 - 261. Let q be -1 + 0 - -1 - -358. Suppose m - q = -3*u, 0 = 3*u - x*u - m + 600. Is u a prime number?
False
Let v be ((-24)/14)/((-6)/42). Suppose v*i - 7*i = 3070. Let w = i + -423. Is w a prime number?
True
Let y be (2/3)/(13/(-117)). Is y + (-105)/(-18) + (-16483)/(-6) prime?
False
Let v = -134 + 298. Suppose o = 1085 + v. Is o composite?
False
Suppose 6328 = -2*i - 3*t + 2*t, -5*i + 4*t = 15820. Is 6/(-18) + i/(-6) prime?
False
Suppose -21 = -5*k - 2*d, 2*d = 2*k - 0*k - 14. Suppose -5*i + k*t + 325 = 0, t = 4*i + 4*t - 281. Let a = i + 95. Is a a composite number?
False
Let p = -8 - -4. Let m be 42/(-18) - p/(-6). Is 3/(m*3/(-66)) prime?
False
Let u(s) = s**2 - 2*s - 7. Let h(w) = w**2. Let l(c) = 2*h(c) + u(c). Let a be l(5). Let d = a + -25. Is d a prime number?
False
Suppose -35428 = -49*p + 45*p. Is p prime?
False
Let a(f) = f**3 + 17*f**2 - 13*f. Let n = -128 - -111. Is a(n) composite?
True
Let k(a) = -277*a + 57. Is k(-4) composite?
True
Let h(o) = o**3 - 18*o**2 + 10*o + 22. Let v be h(9). Let x = -310 - v. Is x composite?
False
Let v be 0/(-1 - 0/(-3)). Let p be v - 3 - (-4 + -1). Suppose -w + s + 219 = 0, p*s = 2*w + 2*w - 872. Is w composite?
True
Suppose 0 = -3*p + 4*p - 22. Suppose 3*n - 727 = -p. Is (-12)/10*n/(-2) prime?
False
Let a = -2026 + -913. Let k = -1300 - a. Is k composite?
True
Let w(p) = -p**2 + 11*p + 14. Let d be w(12). Is (85 - d) + (-4 - -4) prime?
True
Let u = 144 - -15. Is u prime?
False
Let s(j) = 4*j**2 + 47*j - 144. Is s(-37) a prime number?
True
Let g = -20 + 17. Is 508/(-3 + -1)*g composite?
True
Is -1 + (-49521)/(-12) - 13/(-52) a composite number?
True
Suppose 22811 - 4085 = 3*f - 3*g, 5*f - g = 31214. Is f a composite number?
True
Suppose 0 = -c - 1, 4*p + 7750 - 21856 = -2*c. Is p a prime number?
True
Let y(g) be the third derivative of g**6/60 - g**5/30 - g**4/24 + g**3/3 - 2*g**2. Let u be y(6). Suppose 0*i + 4*i - u = 0. Is i composite?
False
Let f(u) = 138*u + 74. Is f(10) a prime number?
False
Suppose 0 = 5*s - 12*s + 8239. Is s prime?
False
Let c be 2*-1*6/(-4). Let i be (-24)/27*c*-42. Suppose 455 = 5*d + 3*t + t, d = -5*t + i. Is d a composite number?
True
Let o(r) = 483*r**2 + 84*r + 5. Is o(-2) a prime number?
False
Suppose 2*l - 6 = 8. Let p(q) = 7*q**3 - 5*q**2 - q. Is p(l) composite?
True
Let s(r) = -107*r - 1. Let h be s(7). Let j = -31 - h. Is j prime?
True
Suppose -19*r = -20*r + 57079. Is r a composite number?
True
Suppose -2*f = 2*s + f - 942, -4*f + 16 = 0. Suppose 2*h = h + s. Suppose -6*d = -d - h. Is d prime?
False
Suppose 2 = -2*y + 2*d, -y - 5*d + 5 = -0*y. Suppose 4*o - 2*m - 335 = 1, y = -4*m - 8. Is o a composite number?
False
Let b(m) = -m**2 - m + 26. Let l be b(-20). Let g = -160 - l. Is g composite?
True
Suppose 0 = -b - 6*f + 2*f + 18, 33 = 2*b + 5*f. Let v = 20 - b. Is ((-1)/(-1))/(v/222) a composite number?
False
Let f = -11 - -16. Suppose 10*d - 15 = f*d. Suppose -d*y + 428 = -5*k, 3*y = -4*k + 158 + 261. Is y prime?
False
Let z = -4793 + 7538. Let c = z + -1360. Is c composite?
True
Suppose 0*k - 3*k + 2*x = -3647, 4*k - 4870 = -x. Is k composite?
False
Is (-2)/(-1)*(1137/6 - 4) a prime number?
False
Suppose -21 + 0 = -3*n. Let m(y) = -6 - n + 13*y + 5. Is m(3) composite?
False
Suppose 83*v - 5*c = 82*v + 1848, 0 = 4*v + 4*c - 7416. Is v composite?
True
Is 4/(-14) + (0 - (-630729)/77) composite?
False
Let b(d) be the third derivative of -1/120*d**6 + 0 - 1/15*d**5 + 1/6*d**3 - 1/6*d**4 + 0*d + 3*d**2. Is b(-6) a composite number?
False
Suppose 0 = -g - 6*y + 3*y + 3827, -3*y - 15278 = -4*g. Suppose -b = n - g, 0*n = 5*n - 20. Is b prime?
False
Suppose -1638 = 5*q - 27583. Is q composite?
False
Suppose -6*x = -x. Suppose h - 4 = -v, 20 = 5*v - x*v. Suppose -a + 247 - 102 = h. Is a a composite number?
True
Let q = 20301 + -13688. Is q composite?
True
Let j(r) be the second derivative of -r**5/20 - r**4/12 + 23*r**2/2 - r. Suppose 5*v - 4*p = -0*v + 16, 4*v - 4*p - 16 = 0. Is j(v) prime?
True
Suppose h - 21900 = -3*v + 51409, 5*h + 10 = 0. Is v composite?
True
Let p be (14/(-4) + 4)*-2. Is p/(-2) - 578/(-4) composite?
True
Let z = 12 + -7. Let q be 2/z + (-107)/5. Is (-1401)/q + (-2)/(-7) a prime number?
True
Suppose 3*r - 472 = 722. Let n = -239 + r. Let y = n + 104. Is y composite?
False
Let v be (-16)/(-2*4/8). Let k = v + -10. Let a(c) = 74*c - 7. Is a(k) a composite number?
True
Suppose -5*x = -3*i - 79180, -x - 2*i = 237 - 16060. Is x prime?
False
Let z = -14549 + 20488. Is z a prime number?
True
Let q(r) = -r - 1. Let i be q(-3). Suppose i*v - 4*v = -8. Suppose -3*x = 4*a - v*x - 349, 4*a + x = 347. Is a prime?
False
Is (2/(-7))/(3 - 177102/59031) a composite number?
True
Suppose 2*o - 4 - 36 = 0. Suppose -3*w = -12, -o = 2*r - 4*w + 2. Is -65*(r/1)/3 a prime number?
False
Suppose 0 = -g - 4*n + 638496, 2*g + 4*n - 227307 = 1049669. Is g/138 - ((-2)/3)/2 a prime number?
False
Suppose 0 = -2*l + 3*h + 11, 3*l = 5*l - 4*h - 14. Suppose 4*y = 4, -y = 2*j + 4 - l. Is (333/18)/((-1)/j) a composite number?
False
Let f = 62862 + 5525. Is f a prime number?
False
Let h(q) = -2*q**2 - 1. Let f be h(1). Let u(m) = -130*m - 4. Is u(f) composite?
True
Suppose 0 = -2*w - w. Suppose 2*m + 2*k = 500, w = -3*m - 4*k + 35 + 720. Suppose -c + m = -128. Is c a composite number?
False
Suppose 0 = 33*n - 31*n - 9238. Is n composite?
True
Suppose b = -4*u - 2*b - 97, 5*u - b + 107 = 0. Is (-2 + 3)*(105 - u) prime?
True
Suppose 3 = 3*o, 3*o - 3 = 3*c - 8*c. Suppose c = -6*q + 3*q + 249. Is q a composite number?
False
Let q(h) be the third derivative of -h**6/120 + 7*h**4/24 - 13*h**3/6 + 22*h**2. Is q(-9) prime?
True
Suppose 0 = -3*s + 2*q + 2, 4*s + q - 31 = -2*q. Suppose 5*x - 215 = s*x. Suppose 2*z + x = 3*z. Is z composite?
True
Let f(c) = c**2 + 2*c - 4. Let r be f(-4). Let d(g) = -4*g + 5. Let y be d(r). Let a(k) = -k**2 - 13*k - 15. Is a(y) prime?
True
Let l(k) = k**2 + 87. Let n(z) = -z**2 - 5*z - 4. Let d be n(-4). Let q be d/(-2)*3/6. Is l(q) a prime number?
False
Suppose 0 = 2*w - 3*p - 8931, -w = 4*w - 3*p - 22305. Is 0 + -5 + w/3 composite?
False
Is 15114/10 - 44/110 composite?
False